{"id":4,"date":"2015-03-19T11:39:04","date_gmt":"2015-03-19T10:39:04","guid":{"rendered":"http:\/\/www.eichinger-evelyn.de\/?page_id=4"},"modified":"2021-11-23T13:22:18","modified_gmt":"2021-11-23T12:22:18","slug":"vita","status":"publish","type":"page","link":"http:\/\/www.eichinger-evelyn.de\/","title":{"rendered":"Vita"},"content":{"rendered":"<p><strong>Willkommen auf der Website der K\u00fcnstlerin Evelyn Eichinger!<\/strong><\/p>\n<p>Geboren 1949 bei Bremen, aufgewachsen in Hamburg. \u2028Studium der Kunstp\u00e4dagogik in M\u00fcnster. Danach Teilnahme an zahlreichen Seminaren in Akademien und an Kursen bei namhaften K\u00fcnstlern. Lebt seit 1972 in Berlin, verheiratet \u2028mit dem Schriftsteller und Fotografen Gg. E. \u2028Sie haben zwei S\u00f6hne. Sie ist Mitglied in der Deutschen Aquarell Gesellschaft.<\/p>\n<p>Die Aquarelle entstanden gro\u00dfenteils \u2028auf ihren zahlreichen Malreisen. Seit 1986 zahlreiche Einzelausstellungen und Gruppenbeteiligungen in Berlin, Potsdam, Hamburg, Rom, Frankfurt\/Main, Wien, Bad Wildbad, Mailand, Reinbek, Viareggio, Arezzo, Pietrasanta, Florenz, Lausanne. &#8211;<\/p>\n<p><strong>Ank\u00e4ufe\u2028<\/strong><br \/>\nAquarelle der K\u00fcnstlerin befinden sich in \u00f6ffentlichen und privaten Sammlungen,<br \/>\nz.B. Artothek Berlin Charlottenburg,<br \/>\nSammlung Norddeutscher Rundfunk (NDR),<br \/>\nSammlung Rundfunk Berlin-Brandenburg (RBB)<\/p>\n<p><strong>Publikationen\u2028<\/strong><br \/>\nErlebnislandschaften<br \/>\nLandschaften am Wasser<br \/>\nBl\u00fctenzauber<\/p>\n<p>Titelbilder zu 3 B\u00fcchern von Wolfgang Kirchners: <em>Notzeit \/ Erste Liebe \/ Nah am Abgrund<br \/>\n<\/em><\/p>\n<p><em><br \/>\n<\/em><\/p>\n<p>&nbsp;<\/p>\n<p><strong>Auszeichnungen<\/strong><br \/>\n&#8211; 1998 Premio Firenze<br \/>\n&#8211; 2004 Erster Preis des premio internazionale d\u2019arte, Versilia (Italien)<br \/>\n&#8211; 2005 Premio Citt\u00e0 di Focette, Toscana<br \/>\n&#8211; 2007 Premio pittura, Pietrasanta (Italien)<br \/>\n&#8211; \u20282011 Lesezeichen \u201eAbendbarke\u201c der edition Kunstfokus berlin<br \/>\n&#8211; 2012 Kalenderblatt April bei der internationalen Ausschreibung f\u00fcr den Hahnem\u00fchlekalender zum Thema &#8222;abstrakt&#8220;<\/p>\n","protected":false},"excerpt":{"rendered":"<p>Willkommen auf der Website der K\u00fcnstlerin Evelyn Eichinger! Geboren 1949 bei Bremen, aufgewachsen in Hamburg. \u2028Studium der Kunstp\u00e4dagogik in M\u00fcnster. Danach Teilnahme an zahlreichen Seminaren in Akademien und an Kursen&#8230;<\/p>\n<p><a class='more-link' href='http:\/\/www.eichinger-evelyn.de\/'>Weiterlesen <span class='screen-reader-text'>Vita<\/span><\/a><\/p>","protected":false},"author":1,"featured_media":77,"parent":0,"menu_order":0,"comment_status":"closed","ping_status":"closed","template":"","meta":[],"_links":{"self":[{"href":"http:\/\/www.eichinger-evelyn.de\/index.php?rest_route=\/wp\/v2\/pages\/4"}],"collection":[{"href":"http:\/\/www.eichinger-evelyn.de\/index.php?rest_route=\/wp\/v2\/pages"}],"about":[{"href":"http:\/\/www.eichinger-evelyn.de\/index.php?rest_route=\/wp\/v2\/types\/page"}],"author":[{"embeddable":true,"href":"http:\/\/www.eichinger-evelyn.de\/index.php?rest_route=\/wp\/v2\/users\/1"}],"replies":[{"embeddable":true,"href":"http:\/\/www.eichinger-evelyn.de\/index.php?rest_route=%2Fwp%2Fv2%2Fcomments&post=4"}],"version-history":[{"count":23,"href":"http:\/\/www.eichinger-evelyn.de\/index.php?rest_route=\/wp\/v2\/pages\/4\/revisions"}],"predecessor-version":[{"id":1036,"href":"http:\/\/www.eichinger-evelyn.de\/index.php?rest_route=\/wp\/v2\/pages\/4\/revisions\/1036"}],"wp:featuredmedia":[{"embeddable":true,"href":"http:\/\/www.eichinger-evelyn.de\/index.php?rest_route=\/wp\/v2\/media\/77"}],"wp:attachment":[{"href":"http:\/\/www.eichinger-evelyn.de\/index.php?rest_route=%2Fwp%2Fv2%2Fmedia&parent=4"}],"curies":[{"name":"wp","href":"https:\/\/api.w.org\/{rel}","templated":true}]}}